of i.
2, 3, 5, 281
Let q(h) = -10*h - 35. Let g = -127 + 4. Let y = g - -108. List the prime factors of q(y).
5, 23
Let g = -4697 + 18258. What are the prime factors of g?
71, 191
Let n = 21130 + -6152. List the prime factors of n.
2, 7489
Suppose 42 = 10*i - 8. Suppose -i*o = x - 166, 0 = -o - o + 8. What are the prime factors of x?
2, 73
Let o be (-1 - 7) + 2 + -6 + 4. Let n be -4 - o/(-4)*-7. Suppose 0 = 5*l + 5*s - 120, n = 5*s - 15. What are the prime factors of l?
19
Let z = -30 - -33. Let f(t) = 12*t**2 - t**z - 327 + 315 + 3*t - 3*t**2. What are the prime factors of f(9)?
3, 5
Suppose 0 = 4*a + x - 37237, 2*x - 37234 = 1190*a - 1194*a. What are the prime factors of a?
2, 5, 7, 19
Let j(g) = g**2 + 19*g + 3. Let z be j(-19). Let k be (z/15 + 1)*-5. What are the prime factors of 3 + k - -32 - 0?
29
Let d(c) be the third derivative of -c**6/30 + c**5/15 + 25*c**4/8 + c**3/3 - 25*c**2. What are the prime factors of d(-6)?
2, 5, 7
Suppose -3*h + 8*h + 25 = 5*g, -15 = -4*g + 3*h. Suppose -5*d = b - 15, 4*b = -g*b + 5*d + 10. List the prime factors of 10*(-2)/((-4)/b).
5
Let u = 258 - 254. Suppose 0 = i - 3, u*b - 3*b = i + 286. What are the prime factors of b?
17
Let a = -77 - -76. Let f be (2 + a)/(20/8 - 2). Suppose -3*j = f*u - 305, -4*j + 4*u + 479 = j. List the prime factors of j.
3, 11
Suppose 5*b + 4*n - 116 + 17 = 0, b + n = 20. List the prime factors of 400/(-190) + 2 + 39161/b.
3, 229
Let g = -35555 - -67107. List the prime factors of g.
2, 17, 29
Let s = 214 + -239. List the prime factors of (345/(-25))/(1/s).
3, 5, 23
Suppose 126*r - 1384669 = -127*r. What are the prime factors of r?
13, 421
Let u = 7 + -7. Let m(l) = 2*l**2 + 5*l - 22. Let q be m(-7). Let z = q + u. List the prime factors of z.
41
Suppose 115017 = 132*x - 384723 - 77892. What are the prime factors of x?
2, 547
Suppose 414 = 5*f - 126. Suppose 0 = p - 5*q - 0*q - 55, 0 = 5*p + 5*q - 425. Let y = f - p. List the prime factors of y.
2, 7
Let p = 340 + -988. Let b = -344 - p. List the prime factors of b.
2, 19
Suppose 0 = -2*d - 3*g + 7, 3*d + 3*g = -2*d + 40. Suppose 2*y + 0*y = -5*j - 11, -j + 4*y + d = 0. What are the prime factors of (2 + 3/(-2))/(j/(-218))?
109
Let w(u) be the third derivative of u**4/2 - 3*u**3/2 + 15*u**2. Let j be w(8). Let n = j + -16. What are the prime factors of n?
71
Let m be 3*(-5 + 55)/(-5). What are the prime factors of -975*(12/m - 8/30)?
2, 5, 13
Suppose -2*w = -31 - 47. Suppose -w = -d - 2*d. Suppose -d*m + 9*m + 40 = 0. What are the prime factors of m?
2, 5
Let m(k) = 65*k**2 + 38*k + 811. List the prime factors of m(30).
61, 991
Suppose -99310 = -5*y + 5*x, y - 19870 = -78*x + 77*x. What are the prime factors of y?
2, 3, 7, 11, 43
Let v(c) be the second derivative of -17*c**3/3 + 3*c**2/2 - 7*c + 4. List the prime factors of v(-9).
3, 103
Let g be ((-7164)/(-54))/((-2)/6*1). Let w = -139 - g. What are the prime factors of w?
7, 37
Let h = -109 + 111. Let k be 1 + (56 + -2 + -1 - h). Suppose -5*q + 550 = -2*x - k, -3*q + 2*x + 358 = 0. List the prime factors of q.
2, 61
Suppose -4*y - 5 = -5*w, -5*w - 1 + 6 = 5*y. Let a be y/((2 + -3 - 0)*2). Suppose 3*u = -f + 123, -u - 3*f = -a*u - 49. What are the prime factors of u?
2, 5
Suppose v - 2*s = 37100, -v + 3*s - 74151 = -3*v. List the prime factors of v.
2, 3, 7, 883
Let q(y) = -y**3 - y**2 + y - 5. Let h(z) = 57*z**3 + 3*z**2 + 3*z + 12. Let c(r) = h(r) + 3*q(r). What are the prime factors of c(2)?
3, 7
Let d = 62151 + -21616. What are the prime factors of d?
5, 11, 67
Let z(k) = 45*k - 5. Let f(w) = 226*w - 24. Let m(b) = 3*f(b) - 14*z(b). Let t(u) = -1. Let q(l) = m(l) - 12*t(l). List the prime factors of q(4).
2, 101
Let j(i) = -48*i**2 - 146*i - 129. Let d(z) = -17*z**2 - 49*z - 43. Let c(p) = 11*d(p) - 4*j(p). What are the prime factors of c(-13)?
3, 101
Let y = 479 - 315. Suppose a = 35 - 70. Let l = a + y. What are the prime factors of l?
3, 43
Let l be (-14)/18 + 30/(-135). Let m be (l + 1)/((-33)/(-11)). Suppose 2*w + 4*w - 186 = m. What are the prime factors of w?
31
Suppose 5*a = -72 + 72. Suppose -5*r - 2164 = -60*t + 58*t, a = t + 5*r - 1052. What are the prime factors of t?
2, 67
Let x(i) = i**2 - 8*i + 16. Let p be x(4). What are the prime factors of (p + -161)/(18/(-36))?
2, 7, 23
Suppose 0*c + 5*c - 8290 = -5*k, 4*c + 3*k = 6634. Suppose 4*r - 697 - 631 = 3*w, -c = -5*r - 2*w. List the prime factors of r.
2, 83
Suppose 215*r - 2496 = 209*r. Suppose 493 + r = 3*b. List the prime factors of b.
3, 101
Suppose 3825 = 24*v + 633. Suppose v*d = 127*d + 3732. What are the prime factors of d?
2, 311
Let j(k) be the first derivative of k**4/4 + 8*k**3 + 13*k**2 + 45*k - 16. Let u be j(-24). List the prime factors of 20/(-8) + u/(-6).
2, 47
Let o(q) = 2 - 3 + 8 + q**2 - 13*q. Let f be o(12). Let m(g) = g**3 + 5*g**2 - 5*g + 11. List the prime factors of m(f).
2, 3
Suppose -2*v - 5*y + 33 = 0, 0 = v - 2*v - 3*y + 19. Suppose v*s - s = q - 385, 2*q - 3*s - 785 = 0. Suppose 12*m - 17*m = -q. What are the prime factors of m?
2, 5
Let l(j) = -30*j**3 - 4*j**2 + 6*j + 25. Let c be l(-5). Suppose 0 = 16*y - c - 7443. What are the prime factors of y?
3, 7, 11
Let z(u) = -8235*u - 218. What are the prime factors of z(-2)?
2, 17, 239
Let j = -743 - 694. Let y = -984 - j. List the prime factors of y.
3, 151
Suppose q = 61 - 36. Let s = q + -19. List the prime factors of (9 + -7)/(s/141).
47
Let b = 6973 + -4343. Suppose 0 = -5*x + 4*d + 4381, d + 0*d = 3*x - b. List the prime factors of x.
877
Let z(f) = -15*f + 77. Let b be z(5). Suppose -4*x + g + 3038 = 0, -4*g + 6 = -b. List the prime factors of x.
2, 5, 19
Suppose 44 - 58 = -2*w. Suppose f = 4*f - 2*o - w, -13 = -3*f + 5*o. List the prime factors of 5/f - 1 - (-165 + 4).
3, 5, 11
Suppose 9*l = l - 56. Let d be ((-1)/(-3))/(l/(-189)). Suppose 0 = 2*n - 3*y - 2 - d, -29 = -3*n + 2*y. What are the prime factors of n?
13
Suppose 9680 = 19*t + 3*t. Suppose 9*i = 13*i - t. What are the prime factors of i?
2, 5, 11
Let j(v) = 77*v**3 - v. Let x be j(1). Let f(t) = 11*t**2 - 55*t - 138. Let w be f(-3). Let h = x + w. List the prime factors of h.
2, 101
Let t(o) = -2*o + 30. Let u be t(-17). Let p = 68 - u. Suppose -2*x = -5*a + 490, -a + 470 = p*a + 2*x. What are the prime factors of a?
2, 3
Let o(h) = 1720*h**2 - 209*h - 800. What are the prime factors of o(-4)?
2, 83
Suppose -808079 + 634344 = -25*d + 1047690. What are the prime factors of d?
48857
Let f(q) = q**3 - 2*q**2 - 2*q + 3. Suppose -11*j + 24 = -7*j. What are the prime factors of f(j)?
3, 5
Let d(l) = -979*l**3 - 1023*l**3 - l + 3 - l**2 + 2161*l**3 - 2. Let c(k) = k**3 + 1. Let n be c(0). List the prime factors of d(n).
2, 79
Let h(q) = -247*q**2 - 6*q - 4. Let j(m) = 249*m**2 + 6*m + 3. Let s(o) = 2*h(o) + 3*j(o). List the prime factors of s(-2).
7, 11, 13
Suppose 26 = 4*c + 2*a, -2*a + 6 = -0*a. Let g be c/(75/9)*395. Let s = 386 - g. List the prime factors of s.
149
Suppose 107*v + 3593 = 108*v - 5*l, 3*l = -2*v + 7238. List the prime factors of v.
3613
Let x = -632 - 7. Let r = 905 + x. List the prime factors of r.
2, 7, 19
Let k = -6044 - -12267. List the prime factors of k.
7, 127
Let j(a) = a**3 - 13*a**2 + 2. Let q be j(13). Let u be 5/(5/q) - (6 + -1). List the prime factors of (107*(u + 2))/(-1*1).
107
Let r be (1 + -2)*(-64)/16. Suppose -14*p + 2123 = -9*p + r*f, 3*p = 5*f + 1296. What are the prime factors of p?
7, 61
Let p(d) = -1700*d + 29. What are the prime factors of p(-3)?
23, 223
Suppose 7*r = -7*r + 126738 + 83234. What are the prime factors of r?
2, 7499
Let v(b) = 4150*b + 13259. What are the prime factors of v(10)?
3, 18253
Let y(r) = 4*r**2 - 8*r + 27. Let k(q) = q**2 + 2*q + 1. Let p(f) = -k(f) + y(f). What are the prime factors of p(10)?
2, 113
Suppose 0 = -11*z + 6*z + 3690. Suppose 0 = 5*h - h - 2*n - z, -h + 162 = -5*n. List the prime factors of h.
11, 17
Let b be (-70)/(-15) - 3/(-9). Suppose 19 = b*t - 11. Suppose -j - c = -71, t = -c - c. What are the prime factors of j?
2, 37
Let b = 49957 - 22960. What are the prime factors of b?
3, 8999
Let y = -9635 + 18199. List the prime factors of y.
2, 2141
Let s = 3656 + 9228. What are the prime factors of s?
2, 3221
Suppose 16*w - 18*w + 4159 = -3*c, -5*c = 4*w - 8351. List the prime factors of 